 Let p(w) = 8*w**2 - 9*w - 5. Let u(j) = 4*k(j) + 27*p(j). Give u(-4).
-51
Let w(s) be the second derivative of -2*s**4/3 + 53*s**3/6 + 19*s**2/2 + 83*s + 2. Determine w(7).
-2
Let l(o) = 3*o. Let t = -2549 - -2554. Let j(p) = -14*p + 1. Let d be j(-1). Suppose -d = t*s, -f + 2*f + 2 = -s. Give l(f).
3
Let l = -1008 + 1031. Let i(n) = -59 - 10*n + 18 + n**2 + 25 + l. Determine i(10).
7
Let t be -1 + 2 + 14/(-14). Let v(l) be the third derivative of -1/12*l**4 + 1/10*l**5 + 1/120*l**6 + t + 0*l - 20*l**2 - 2/3*l**3. Determine v(-6).
8
Let s = 23 - 20. Suppose s = -3*b + 12. Suppose -5*w - 20 = 0, b*f - 5*w + 2 = 19. Let n(a) = -6*a**2 + a. Give n(f).
-7
Let z(b) = 28*b**2 - 265*b + 22. Let x(p) = p**2 + 12*p + 3. Let d(r) = 4*x(r) - z(r). Calculate d(13).
3
Let q(x) = -109*x - 59 + 95*x + 56. Let i be (-4)/(3 - (-65)/(-15)). What is q(i)?
-45
Let q(j) = -2*j + 25. Suppose -c + 2*k = -3, -3*c + k - 15 + 39 = 0. Give q(c).
7
Suppose 3*h - 4 = 2. Let k(j) = 21*j - 9 - 38*j + 17*j + 11*j. Let w(g) = -10*g + 8. Let a(n) = 5*k(n) + 6*w(n). Determine a(h).
-7
Let s(i) = i**3 + 7*i**2 - i - 4. Let c(v) = 26*v + 148. Let t(u) = -2*u. Let f(d) = c(d) + 2*t(d). Let y be f(-7). Determine s(y).
38
Let j(l) = 3*l**2 - 9*l + 9. Let z be 110*22/385 - (-4)/(-14). Give j(z).
63
Let w(z) = z**2 + 33*z + 29. Suppose 24*m + 396 = -372. Determine w(m).
-3
Let l be (-5 + ((-1054)/12)/(-17))/(5/(-150)). Let c(o) = o**3 - 8*o**2 + 8*o - 5. Let k be c(7). Let y(i) = -i - 2*i - 3*i**k - 5 + 2*i**2. Determine y(l).
-15
Let i(z) be the first derivative of -5*z**3/3 - z**2 + 6*z + 2415. Determine i(-3).
-33
Let y = -252 + 255. Suppose y*c + 2*c - 10 = -3*n, -3*n - 15 = 0. Let d(v) be the third derivative of v**5/60 - v**4/6 - v**3/3 - v**2. Calculate d(c).
3
Let t(a) = a + 9. Let i be t(-4). Let j(k) = i*k**2 + 54 - 60 + 3*k - 4*k**2. Let q(d) = -2*d + 9. Let h be q(7). Give j(h).
4
Let a be 351/468*20/3. Let b(q) = -11*q + 56. Calculate b(a).
1
Let u(h) = -4*h - 25 + h - 2*h + 3*h. Let m be u(-14). Let i(x) = -x**2 + 3*x. Determine i(m).
0
Let x = -152 - -157. Let c(y) = -4 - 2*y**2 - 4*y**2 - 1 - 8*y + x*y**2. What is c(-3)?
10
Let b(f) = -2*f**3 - f**2 + 2*f - 1. Suppose 4*r = -2*l + 10 + 4, -r = 4*l - 49. Suppose 2*a + 1 = -l*z + 10*z, 3*a - 3*z = 6. Give b(a).
-2
Suppose -u = -j - 2*j - 79, -2*u = -5*j - 158. Let g = u + -22. Let b(f) = 58*f**2 - 5 + 4*f - 114*f**2 + g*f**2. Calculate b(-4).
-5
Let f(n) = 5*n**2 - 10*n - 2. Let b(m) = -m**3 - 38*m**2 + 224*m + 391. Let a be b(-43). What is f(a)?
38
Let b(s) = -14*s + 5 + 55*s - 12*s. Let f(l) = 7*l + 1. Let x(w) = -2*b(w) + 9*f(w). Suppose 0 = -5*q + 5 + 5. Give x(q).
9
Let u(j) = -j**3 - 4*j**2 - 3*j - 1. Let q = 13 + -1. Let m(s) = 3*s**2 - 2*s + 2. Let f be m(-2). Let o be f/(-7) + q/(-28). Calculate u(o).
-1
Let z be 30*(5/(-1) - (-45)/10). Let i(x) = x**2 + 8*x - 108. Let w be i(z). Let c(j) = -5*j - 1. What is c(w)?
14
Let n(i) be the third derivative of -i**4/24 + i**3/6 - 2*i**2. Let v be (-4)/(-7) - (-11790)/70. Let j = 175 - v. Give n(j).
-5
Let k(a) = 2*a - 10357 - 10353 + 20729. Determine k(-13).
-7
Let h(t) = 14*t**3 + 3*t**2 - 3*t. Let f be h(1). Let l be 9/(-15) - 3/(105/f). Let b(c) = 27*c**3 + 2*c + 1. Determine b(l).
-28
Let j(x) = -21*x**3 - x**2 + x + 1. Let p be 9/36 - (-39)/4. Suppose -3*a + 7 = -4*i + 60, -4*i - 4*a = -32. Let z = p - i. Give j(z).
20
Let a(t) = -16*t**2 + 3*t - 1. Let z be (16 + 1)*(7 + 4 - 10). Suppose -q + 13 = 4*u - 4, 3*u = -5*q + z. Determine a(q).
-14
Let k(i) = -1028 - 16864*i + 16848*i + 1033. Calculate k(-2).
37
Let y(s) = -20102*s + 12*s**2 - 4*s**3 + 20084*s + 3*s**3 - 20. Determine y(10).
0
Let z = -96 - -102. Let u(i) = 35*i**2 - 213*i + 2. Let l be u(z). Let w(c) = c + 16. Calculate w(l).
0
Suppose -17 = -171*n + 175*n - 1. Let s(t) = -3*t**2 - 10*t - 7. Determine s(n).
-15
Let c(u) = -57*u - 517. Let y be c(-9). Let o(g) = -2*g - 16. What is o(y)?
-8
Suppose 3*i + 21 = -h, 2 = -2*i - 5*h + 1. Let u be 7 + (3/(-2))/((-4)/i). Let q(o) = u + o + 3 - 3 + o. What is q(-5)?
-6
Let w = -7 - 228. Let n = w - -236. Let g(x) = -x - 1. What is g(n)?
-2
Let w = -108 - -105. Let b(o) = o - 406 + 133 + 137 + 139. Determine b(w).
0
Let j(a) = 45*a - 17. Let g(u) = -23*u + 9. Let z(b) = 11*g(b) + 6*j(b). Suppose -146*o + 66 = -226. Determine z(o).
31
Let f(h) = -598 + 607 + 8*h**2 - 2*h**2 - 4*h**2 - 6*h. Give f(4).
17
Let h be (-18)/(-4) + 0 - (-237 - -241). Let n(u) be the first derivative of -12 + u + 3/4*u**4 + h*u**2 - 1/3*u**3. Give n(-1).
-4
Let d = -1286 - -1285. Let w(k) = -73*k**2 - k - 2. Give w(d).
-74
Let y be ((-7)/(-2))/((-2)/(-4)). Let a(f) = -40*f - 34*f - 37*f + 4 - 40*f + 150*f. Calculate a(y).
-3
Let q = 28043 + -28041. Let n(u) = 4*u**2 + u - 12. Determine n(q).
6
Let a(f) = -f**2 + 10*f + 28. Let o be 10134/(-36) - 3/2. Let v = 295 + o. Calculate a(v).
4
Let q(c) be the third derivative of -c**5/60 + 3*c**4/8 - c**3 - 93*c**2. Suppose -20 = -10*d + 5*d. Suppose -17 - 11 = -d*z. Calculate q(z).
8
Let k(o) = o**2 + 4*o + 13. Let v = -144 + 141. Let t(w) = 3*w + 10. Let j(a) = v*t(a) + 2*k(a). Determine j(4).
24
Let b(t) = -t**2 + 29*t - 56. Let d be b(27). Let l be (-4)/d - (-2)/1. Let w(k) = -k**3 + 5*k**2 - 4*k + 6. Calculate w(l).
6
Let a(d) = d**3 - 24*d - 24*d + 81*d - 21*d**2 - 16*d - 22*d + 25. Determine a(21).
-80
Let d(p) be the second derivative of -p**3/6 - 3*p. Let m be (-9 - 39)*2/(-4). Suppose 3*k - 4*l - 3 = -9*l, 5*k - m = -2*l. Give d(k).
-6
Let g(i) = -24*i + 13. Let a = 9007 + -9005. Give g(a).
-35
Let y(s) = -54 + 5*s**3 - 18*s**2 - 19*s**3 + 7*s**3 - 23*s + 63 + 8*s**3. What is y(19)?
-67
Suppose -73*o = -78*o + 30. Suppose -3*d = -2*n - 11, -4*d = 4*n + o - 34. Let u(p) = p + 1 + 4*p**2 + 0*p**n - p**2. Determine u(-2).
11
Let o = 52 + -13. Suppose -2*q + 14 = -b, 3*b - o + 9 = -2*q. Let f(p) = -p**3 + 9*p**2 - 6. Let h be f(q). Let u(x) = -x**2 - 7*x. Determine u(h).
6
Let k(v) be the second derivative of -166 + 1/20*v**5 + v + v**2 + 5/6*v**3 - 5/12*v**4. Determine k(4).
6
Let m(i) = i**2 + 29*i - 40. Let k(r) = 82*r + 3414. Let j be k(-42). Determine m(j).
-10
Let u(o) = -4*o**2 - 94*o - 43. Let a be u(-23). Let p(n) be the second derivative of 0 - 5*n - 1/12*n**4 - 3/2*n**2 + 7/6*n**a. Calculate p(7).
-3
Let h(u) = -3*u**2 + 25*u - 23. Let i(a) = -a**2 + 9*a - 8. Let z(l) = -12*l + 31. Let v be z(4). Let m(t) = v*i(t) + 6*h(t). Give m(-2).
0
Suppose 1002 = -77*w + 155. Let k(h) = h**2 + 18*h + 18. Determine k(w).
-59
Let n(g) = g**2 - 12*g + 22. Let x be n(11). Let m(r) = 5*r**2 - x*r + 14*r - 10*r**2 + 0 - 2 + r**3. Calculate m(5).
13
Suppose -13 = 3*d - 100. Suppose -6*f + 5*f + d = 0. Let s(c) = 0*c**3 - 23 + f + 9*c**2 - 8*c - c**3. Calculate s(8).
6
Let h(y) = -y**3 + 19*y**2 + 21*y - 18. Let k(q) = -60*q - 278. Let u(l) = -298*l - 1388. Let n(s) = -16*k(s) + 3*u(s). Let v be n(-4). What is h(v)?
2
Let r(s) be the third derivative of 0*s + 1/30*s**5 + 1/2*s**3 - 1/20*s**6 + 0 - 69*s**2 - 1/6*s**4. Determine r(1).
-5
Let x(p) = 4*p + 3. Let g be ((-6)/(-9))/((1 + 0)/24). Let w be (231/(-42))/(2/g). Let h be (-66)/w + (-10)/(-4). Determine x(h).
19
Let u(b) = -b**2 + 21*b - 41. Let x(s) = 53*s - 1678. Let f be x(32). What is u(f)?
13
Let l be ((-4)/46 - (-3689)/10948)/(3/2). Let g(f) be the second derivative of 2 + 9*f + 1/20*f**5 + l*f**3 + 1/6*f**4 + 3/2*f**2. Give g(-3).
-9
Let h(l) = l + 4. Let q(o) = -o**2 - 23*o - 12. Let t be q(-23). Let y be 29/5 + t/15. Let s be (-1)/((-1 + y)/12). Give h(s).
1
Let n(o) = 22*o - 170 + 364 - 144 - 549*o**2 + 551*o**2. Give n(-7).
-6
Let u(b) = b**3 + 13*b**2 - 16*b - 20. Let i(l) = -l**2 - 5*l - 14. Let x be i(-5). Let s be u(x). Let a(w) = -13 + 4 + s - w. Give a(-5).
4
Let v(b) be the third derivative of -b**6/60 - b**5/20 + b**3/3 + 45*b**2 + 2. Calculate v(-4).
82
Let g(w) be the second derivative of w**4/12 - w**3/6 - 23*w**2/2 - w + 711. Calculate g(7).
19
Suppose 8 = -2*h + o - 5, -h - 5*o = -21. Let v be ((-3)/h)/((-3)/36). Let u(a) = -a**2 - 10*a - 13. Calculate u(v).
-4
Let i(y) = -31*y - 496. Let f = -20033 + 20017. Give i(f).
0
Suppose -s + n = s, -s - 3*n = -7. Let o(d) = d**2 - d + 1. Let u be o(2). Let t(x) = -s - 1 - 2*x**2 - 2565*x**3 + x + 2563*x**u. Calculate t(-2).
